 11 - x. Suppose -11 = v*p - 27. What are the prime factors of p?
2
Let b = 7 + -3. Let x = b + 0. Suppose -7 = -x*g + 1. What are the prime factors of g?
2
Suppose 4*n = 5*n. Suppose n = -r - 3*r + 12. Suppose r*k - 8*k = -50. List the prime factors of k.
2, 5
Suppose 38 = -2*o - 4. Let b = -15 - o. List the prime factors of b.
2, 3
Suppose -2*z - 2*z = -24. Suppose 0 = -0*l - l + 3. Suppose -l*y + z = -0*y. List the prime factors of y.
2
Let c(p) = -2*p - 5. Let h be c(-5). Let t(s) = s - 5. Let q be t(8). Suppose h = i - q. What are the prime factors of i?
2
Let m(d) = d + 1. Let f be m(-9). Let y = f - -9. Suppose 2*v - y = 31. List the prime factors of v.
2
Suppose -10*a = -13*a + 159. What are the prime factors of a?
53
Suppose 7*p + 208 = 11*p. List the prime factors of p.
2, 13
Let d(f) = -10*f - 3. Let g(a) = -a**2 + 8*a - 14. Let i be g(6). What are the prime factors of d(i)?
17
Let d(r) = -r + 1. Suppose 0 = -0*z - z - 3. Let x be d(z). Suppose -3*o + 12 = -v, 0 = x*o - 3*v - 1 - 15. List the prime factors of o.
2
Let n(s) be the third derivative of -s**5/60 - s**4/6 + s**3/6 - 2*s**2. Let v be n(-3). Suppose 0 = -m + v*m - 6. What are the prime factors of m?
2
Suppose -3*r = -7*r. Let v(b) = -b + 13. What are the prime factors of v(r)?
13
Suppose 0 = 11*p + 4 - 70. Let w(j) = -5*j - j + 3*j**2 - 2*j**2 + 7. List the prime factors of w(p).
7
Let y(g) = g - 6. Let o = -10 + 10. Let r be y(o). What are the prime factors of (9 - 6)/(r/(-4))?
2
Let g be (0 + (0 - -3))*2. Let j(f) = 2*f - 7. What are the prime factors of j(g)?
5
Let d(j) = 245*j**3 + j**2 - 2. What are the prime factors of d(1)?
2, 61
Let c = 67 + -34. List the prime factors of c.
3, 11
Let a(y) = -20*y - 2. What are the prime factors of a(-3)?
2, 29
Let i(y) = 6 + 4 + 3 - y. List the prime factors of i(9).
2
Let f be (1/(-4))/((-1)/4). Let r be ((-4)/f + -2)*-2. Suppose 3*p + 48 = 4*x, 3*p - r = -x - p. List the prime factors of x.
2, 3
List the prime factors of 2 + 43 - (0 + 1).
2, 11
Suppose 2*w - 2*x + 16 = -6*x, -2*w + 20 = -5*x. Suppose -3*j - 27 + 96 = w. List the prime factors of j.
23
Suppose 0 = -4*p + 12 + 92. Suppose -5*j + p = -24. Suppose -6 - j = -2*k. List the prime factors of k.
2
Suppose 4*d - 332 = -m, -3*m + 5*d = -5*m + 649. List the prime factors of m.
2, 3, 13
Let d(h) = h**2 - 5*h. Let i be d(5). Suppose x = -i*x + 24. List the prime factors of x.
2, 3
Suppose -2*h - 2*f - f + 526 = 0, 2*h - 530 = -5*f. List the prime factors of h.
2, 5, 13
Let w(c) = 0 + 2 + c**2 - 2*c - 3. Let s be w(-1). Suppose s*r + 80 = 6*r. List the prime factors of r.
2, 5
Let k(x) = -5*x - 3*x**2 + x**3 - x**2 + 2*x. Suppose 6*h - 20 = 10. What are the prime factors of k(h)?
2, 5
Let a be (-5)/(-2)*(0 - -2). Suppose 3*j - 99 = 3*p - 0*j, -a*p - 200 = 2*j. List the prime factors of 6/21 - p/14.
3
Let h be -2 + 3 - 3 - -2. Suppose 6*t + 13 - 277 = h. What are the prime factors of t?
2, 11
Suppose -4*a = -4*d + 74 - 294, -2*a = 3*d - 105. What are the prime factors of a?
2, 3
Let s(r) = r**2 - 14*r + 5. List the prime factors of s(14).
5
Suppose -i - 1 = -o - 7, 5*i - 58 = -2*o. Suppose 3*a - 4*l - 9 = 0, l = a + 4*l + i. List the prime factors of a + (10 - (-6)/3).
11
Suppose 32 = -7*z + 291. List the prime factors of z.
37
Suppose 0 = 2*w + 4*g - 658, -3 = -4*g - 7. What are the prime factors of w?
331
Suppose -4 = -5*v + 2*b + 4, 2*b + 8 = -v. Suppose 0 = -2*n - v*n + 12. What are the prime factors of 3/1*10/n?
5
Suppose 5*r - 60 = -2*q, 3*r + 6*q - 40 = 4*q. What are the prime factors of r?
2, 5
What are the prime factors of 2/((-2)/(-49)) - -3?
2, 13
Let y(x) = 119*x**2 - 8*x - 9. List the prime factors of y(-1).
2, 59
Let y = 33 - 15. What are the prime factors of y?
2, 3
Let x(d) = 18*d**2 + 2*d + 4. List the prime factors of x(-2).
2, 3
Let x be -1*1 + (5 - 5). What are the prime factors of (-9)/x*(3 - 2)?
3
Suppose -2*u + 1092 = 4*u. List the prime factors of u.
2, 7, 13
Let c = -4 + -2. Let z(f) = 2*f**2 + 3*f - 2. Let b be z(c). Suppose -6*m - b = -5*w - 2*m, -8 = -4*m. List the prime factors of w.
2, 3
Let z = 29 + -18. Suppose -n = 3*j + z - 2, 0 = 3*n + 5*j + 7. Suppose -4*v + 30 + n = 0. List the prime factors of v.
3
Suppose 5*y - 10*y = -35. Suppose -4*r = -y*r + 114. List the prime factors of r.
2, 19
Suppose 3*k + 16 = 5*k. Let x = 10 - k. Suppose 0 = -x*a - n + 28, 3*n = -3*a - 2*n + 56. List the prime factors of a.
2, 3
Let j = -73 - -451. List the prime factors of j/15 + 1/(-5).
5
Let r(n) = n**2 - 6*n - 2. Let i be r(6). Let g = 4 + i. Suppose -p - g*p = -57. What are the prime factors of p?
19
Let f = 12 - 6. Suppose 2*y + o = 6*y + 33, -y + f = -5*o. Let u = 16 + y. What are the prime factors of u?
7
Let o be ((-4)/6)/(2/(-9)). Suppose -2*w - o = -5*w. Let f = 7 - w. What are the prime factors of f?
2, 3
Suppose -p = 45 - 163. What are the prime factors of p?
2, 59
Suppose 20 = -3*n - 2*j, -3*n + 7*j + 4 = 3*j. Let w(b) = -b**2 - 5*b + 3. List the prime factors of w(n).
7
Let b be (2 - 1)*(3 + -3). Let f = 1 + 1. Suppose -f*k + 26 = -b*k. List the prime factors of k.
13
Let i(w) be the second derivative of w**6/180 + w**5/120 + w**3/3 - w. Let y(p) be the second derivative of i(p). What are the prime factors of y(1)?
3
Let n(k) = k**3 + 6*k**2 - 8*k + 7. Let m be n(-7). Let o be (-6)/4*(-4)/3. Suppose -5*v = 2*i + m, o*i + 2*i + 8 = -5*v. List the prime factors of i.
3
Let y = -81 + 180. Suppose -3*x + 4*x - 28 = -3*t, -4*x + t = -y. Suppose -h = -3*i + x + 3, -i - 5*h + 20 = 0. List the prime factors of i.
2, 5
Let s(l) = -l**2 + 6*l - 6. Let m be s(4). Suppose m*p + 2*h - 30 = 0, -3*p + 3*h = -16 - 5. List the prime factors of p.
11
Suppose -r = -0*r + 5*z - 25, 4*z = 16. Suppose -5 + 8 = -3*y. Let h = r - y. What are the prime factors of h?
2, 3
List the prime factors of 40/5*(-22)/(-4).
2, 11
Suppose -n = -13 - 18. What are the prime factors of n?
31
Let m(o) = 4*o - 5 - 3*o + 0*o. Let l be m(7). Let a(i) = -i + 4. List the prime factors of a(l).
2
Let n(h) = 9*h**2 + 6*h - 7. List the prime factors of n(3).
2, 23
Suppose 0*v = -4*v - 36. Let a(i) = -3*i**2 - 3*i - 4. Let x be a(-3). Let u = v - x. What are the prime factors of u?
13
Let s(k) = -2*k**3 - 11*k**2 - 5*k - 7. Let v be s(-7). Suppose 0 = 10*d - 5*d - v. What are the prime factors of d?
5, 7
Suppose 4*f + 71 + 21 = 4*x, 5*x = -3*f + 123. Let y = 9 - x. What are the prime factors of 9/1*y/(-9)?
3, 5
Let z = -5 + 15. Suppose d = 2*d - z. List the prime factors of (-1 + 4)*d/6.
5
Let j = 8 + 20. List the prime factors of j.
2, 7
Let h(z) = 2*z - 2*z**3 - z - z**2 + 3*z**2. Let x be h(-1). Suppose -2*c - 5*v - 33 = -x*c, c - 18 = 2*v. List the prime factors of c.
2
Let u be (-2)/1 - 32/2. Let z = 69 - 97. Let n = u - z. List the prime factors of n.
2, 5
List the prime factors of (-3 - (-31)/2)*4.
2, 5
Let w = 71 - 24. Let f = -30 + w. List the prime factors of f.
17
Let j = 74 + -49. What are the prime factors of j?
5
Suppose -10 = -0*q - 5*q. Suppose -2*c = a - 5*a + 102, 3*a + 5*c - 96 = 0. Suppose 5*t - a = q*t. What are the prime factors of t?
3
Let n = -1 + 6. Suppose -7 = 2*a + n. What are the prime factors of (-3 - 14/a)*-15?
2, 5
Let v(d) = 3*d + 11. Let u(f) = 1. Let k(z) = 4*u(z) - v(z). List the prime factors of k(-5).
2
Let y(b) = 7*b - 14. What are the prime factors of y(10)?
2, 7
Let k = 143 - 76. What are the prime factors of k?
67
Let n(o) = o - 11. Suppose 4*c - 5*a = -24, -3*c - c + 4*a - 20 = 0. Let u(z) = -1. Let j(q) = c*n(q) - 4*u(q). What are the prime factors of j(0)?
3, 5
Let f(y) be the third derivative of 0*y + 7/120*y**6 - 1/60*y**5 + y**2 + 0 + 0*y**4 + 0*y**3. List the prime factors of f(1).
2, 3
Suppose 0*b - 2*b = 16. List the prime factors of (-8)/(-2 + b/(-5)).
2, 5
Let u(j) be the second derivative of -j**4/12 + 7*j**3/6 - 2*j. Suppose 2*w + 0 = 12. What are the prime factors of u(w)?
2, 3
Let y = -63 + 113. List the prime factors of y.
2, 5
Let z(x) = -4*x**3 + x**2 + x - 1. Let w be z(1). Let j = w - -13. List the prime factors of j.
2, 5
What are the prime factors of (-2 + -1 + 9)/(3/68)?
2, 17
Let f = 30 + 4. Suppose n - f = -n. What are the prime factors of n?
17
Let l(o) = o - 12. Suppose 2*y - 27 = -y. Let s be l(y). List the prime factors of